12*d + 22*d = f. Calculate the greatest common divisor of 39 and d.
39
Let t = 135 - 155. Let j be (-4 + (-668)/t)*5. What is the highest common factor of j and 63?
21
Suppose -24816 = -201*q + 154*q. What is the highest common factor of 3344 and q?
176
Let m(f) = -f**2 - 24*f + 27. Suppose -5*d + 25 = 0, -3*u - 2*d - 100 = -4*u. Let o = -133 + u. Let b be m(o). What is the greatest common divisor of 175 and b?
25
Let c(q) = -q**3 - 6*q**2 - 4*q - 22. Let t be c(-6). Suppose 209 + 40 = t*u - 5*g, -463 = -4*u + 3*g. What is the greatest common factor of u and 144?
16
Let c(u) = -6*u**3 + 2*u**2 + u - 1. Suppose -2*d - 1 - 1 = 0. Let q be c(d). Let n be (30 - 1) + (-30)/q. What is the greatest common factor of 6 and n?
6
Let q = -576 + 418. Let o = -153 - q. Let y = -36 + 71. Calculate the highest common factor of y and o.
5
Suppose -61 = -42*w + 149. Suppose -2*j = 5*b - 540, 10*b - 8*b = -w*j + 216. Calculate the highest common factor of b and 54.
54
Let w be (3/(-5))/((-12)/60). Suppose -9*x + 798 = -w*x. Calculate the greatest common divisor of 7 and x.
7
Let q be 5*1 - (-13 - -7 - -11). Suppose 50*h - 43*h - 1400 = q. Calculate the greatest common factor of h and 160.
40
Let h(j) = 6*j + 22. Let m be h(7). Suppose -69*w + m*w = -115. Let v = w - 8. Calculate the greatest common factor of 30 and v.
15
Suppose 7*w + 15 = 12*w, -x + 406 = 5*w. Calculate the greatest common divisor of x and 23.
23
Let n be (-108)/(-20) + -7 - 203/(-5). Suppose f + 117 = 2*f. Calculate the greatest common divisor of n and f.
39
Let x = 122 - -120. Suppose 71*d = 72*d - 16. Suppose d = v + 3*z, -3*z - 10 = -4. What is the greatest common factor of x and v?
22
Suppose -44 = -4*d + q, 3*q + 0 + 24 = 3*d. Let o be 189 - (7/(-21) + (-32)/d). What is the highest common divisor of o and 12?
12
Let l be (-43496)/(-50) + (-3 - 539/(-175)). Calculate the highest common divisor of 1595 and l.
145
Let q be 5*(-10 + -32)/(-7). Suppose -50 - 430 = -6*b. What is the greatest common factor of b and q?
10
Suppose 0 = 3*i - 6, 4*d + 0*d - 260 = -4*i. Suppose -7793 = 46*v - 15521. Calculate the greatest common divisor of d and v.
21
Suppose 5*k = -2*f + 345, 4*k = -4*f + 355 - 79. Let c be ((-3150)/(-27) + 6)/((-1)/(-3)). What is the greatest common factor of c and k?
23
Let b(d) = 265*d - 2842. Let i be b(25). What is the highest common factor of i and 117?
39
Let f = 5953 - 4297. What is the greatest common factor of f and 1152?
72
Suppose -20*x + 15 = -23*x. Let d be -9*(-4 - (100/12 + x)). What is the greatest common divisor of 24 and d?
6
Suppose 14*c - 389 + 305 = 0. Let h be ((-36)/(-15))/(4/110). Calculate the highest common divisor of c and h.
6
Suppose -3*i + 54 = 12. Suppose i = f - 10. Let q(v) = -3*v**2 + 529*v + 14934. Let n be q(201). What is the greatest common factor of f and n?
12
Let l = 29897 - 29831. Calculate the highest common factor of 246 and l.
6
Let z be (((-114)/(-8))/(105/56))/(104/7540). What is the highest common divisor of 1798 and z?
29
Let g(r) = 5*r**2 - 4*r. Let f be g(3). Let l(h) = -8*h**2 - 31*h + 2 - 3 + 68*h + h**3 - 30*h. Let o be l(8). What is the highest common divisor of f and o?
11
Let v be 148 - (14/2 + -13). Calculate the greatest common divisor of v and 203.
7
Let f(b) = -46*b**2 + 2*b + 1. Let l be f(-2). Let d = 196 + l. Calculate the greatest common divisor of d and 72.
9
Let t = -6312 + 6412. Calculate the greatest common factor of 116 and t.
4
Let r = 11177 - 9834. What is the highest common divisor of r and 395?
79
Suppose -2*u = -4*m + 24728, -8820 + 2647 = -m - u. Calculate the greatest common factor of 37 and m.
37
Let b = 13544 + -10292. What is the greatest common divisor of 36 and b?
12
Let l be (-3)/5 + 2076/10. Suppose -194*w = -209*w + 135. Calculate the highest common divisor of w and l.
9
Let i(o) = o**3 - 26*o**2 + 71*o - 51. Let u be i(23). Let p be ((-2)/8)/(u/180). Calculate the highest common divisor of 324 and p.
9
Suppose -1215 - 1405 = -33*g + 1043. Calculate the highest common divisor of 555 and g.
111
Let f = 17 - -35. Let l = -24 - -24. Suppose -33*p - 67 = -38*p + w, l = -p - 5*w + 3. Calculate the highest common factor of p and f.
13
Let o be -8 + (-1010)/((-16)/8). Let z = 547 - o. Let u be 86/18 - 4/(-18). What is the greatest common divisor of z and u?
5
Let u be (-589 - 0 - -1)*(-3 - 126/28). What is the greatest common divisor of 252 and u?
126
Let i(t) = 217*t - 6723. Let w be i(31). Calculate the greatest common factor of w and 8724.
4
Suppose 175 - 201 = -2*z. Suppose 2*m - 5*m = 0. Let w = z - m. Calculate the highest common factor of w and 143.
13
Let h = -793 - -1652. Suppose -5*x - 2*t + h = -2*x, t = 5*x - 1423. Calculate the highest common divisor of 171 and x.
57
Let h = 19 + -14. Suppose -h*u = -2*u - 30. What is the highest common factor of 190 and u?
10
Suppose -4*x - 5*y = -125, -4*x - 484*y = -480*y - 120. Calculate the greatest common divisor of x and 13.
1
Suppose 123*l = 3201 + 6577 - 553. What is the highest common factor of 48 and l?
3
Suppose 5*i - 190 = -3*u + 1338, 0 = -5*i + 10. Calculate the highest common divisor of 782 and u.
46
Suppose -5*i - 2*d + 878 = 0, -1712*d + 350 = 2*i - 1711*d. Suppose 4*m + 4 = 0, 3*n = -2*m + 1 + 3. What is the highest common factor of n and i?
2
Let q = 46015 - 29906. What is the highest common divisor of q and 89?
89
Suppose 0 = 5*x - 2*d + 18*d - 3104, 5*d - 628 = -x. What is the greatest common factor of x and 513?
19
Let z = 152 + -587. Let v = 449 + z. Calculate the highest common divisor of v and 259.
7
Suppose 0 = -b - 2, -11*u + 3*b = -9*u - 5494. What is the highest common divisor of u and 8?
8
Suppose -10*o + 78*o = -45*o + 17854. Calculate the greatest common divisor of o and 1975.
79
Let m = -3072 + 3417. Calculate the highest common divisor of 759 and m.
69
Suppose 193*d = 189*d + r + 27, -3*d = -5*r - 33. Calculate the greatest common divisor of 96 and d.
6
Suppose -226*w + 69*w + 38151 = 0. Calculate the highest common divisor of 36 and w.
9
Suppose -i = -3*r - 503, -i + 491 = 10*r - 7*r. What is the highest common factor of 28 and i?
7
Suppose 14*i = 11*i + 2*y + 359, 2*y = -i + 117. Let m = 126 - i. What is the highest common factor of 1 and m?
1
Let a(i) = i**3 - 90*i**2 - 90*i - 65. Let s be a(91). Let c = -218 + 439. Calculate the highest common divisor of s and c.
13
Suppose 5*c - 4*f = 318, -168 = -2*c + 3*f - 38. Suppose c*p = 64*p - 216. Let j = 17 - 5. Calculate the greatest common factor of p and j.
12
Let v(w) = w**3 + 10*w**2 + 9*w - 1. Let l be v(-9). Let b = 143 - l. Calculate the greatest common factor of b and 18.
18
Let y be (152/(-3))/((-16)/72). Let s be (-2)/11 + y/44. Suppose -22 = -3*z - d, -2*z - s*d + 44 = 2*z. What is the highest common divisor of 3 and z?
3
Let k be 5/(-5) + 168/6. Suppose 0*n - 144 = -3*n. Let h = n - k. Calculate the highest common divisor of 21 and h.
21
Suppose -1110*i + 805*i = -35380. What is the highest common divisor of 957 and i?
29
Let a(n) be the third derivative of 13*n**4/4 + 11*n**3 - 145*n**2. Let s be a(9). What is the highest common divisor of s and 12?
12
Let l = 73 - 70. Let h be -7 - (-3 + l) - (-2 + 1). Let d be 16/h*-12*4/8. What is the highest common factor of 16 and d?
16
Let x(g) = 21*g**2 - 393*g + 724. Let o be x(2). Suppose -3*n - 2*n = -10. What is the highest common divisor of o and n?
2
Suppose 29329 - 1881 = 2*u. Calculate the highest common divisor of 188 and u.
188
Suppose 46*p = 31*p + 195. Calculate the greatest common divisor of p and 104.
13
Let n(h) = h**2 + 5*h + 6. Let w be n(-4). Suppose -w*u + 18 = 2*k, 3*k + 2 = 5*u - 11. Suppose u*v - 29 = 21. Calculate the highest common divisor of 25 and v.
5
Let z = 25673 - 25654. Let k be 2*2/(8/266). What is the highest common divisor of z and k?
19
Suppose 4*q - 7*q + 3195 = 0. Suppose 424*g = 429*g - q. Calculate the highest common factor of g and 142.
71
Let l(v) = v**3 - 14*v**2 + 50*v - 672. Let u be l(16). What is the greatest common divisor of 28 and u?
4
Suppose 3*m - 2*l + 67 = 169, -170 = -5*m - 2*l. Suppose 4*x - m = 18. Suppose 8*h = 11 + x. Calculate the greatest common factor of 2 and h.
1
Let p = -544 - -733. Suppose -p = -q - 19. What is the greatest common factor of 102 and q?
34
